ousands digit of 23469144?
4
What is the hundreds digit of 521750186?
1
What is the hundreds digit of 72063510?
5
What is the tens digit of 314258747?
4
What is the ten thousands digit of 6978450041?
5
What is the ten millions digit of 39904772?
3
What is the ten thousands digit of 66235259?
3
What is the millions digit of 83560489?
3
What is the hundred thousands digit of 81830325?
8
What is the billions digit of 3540366052?
3
What is the thousands digit of 317518360?
8
What is the hundred thousands digit of 146352471?
3
What is the hundred millions digit of 228564452?
2
What is the ten thousands digit of 36893546?
9
What is the ten thousands digit of 260026126?
2
What is the hundreds digit of 78499604?
6
What is the thousands digit of 21523314?
3
What is the tens digit of 286431784?
8
What is the hundred thousands digit of 985464627?
4
What is the hundred millions digit of 101961244?
1
What is the units digit of 197290987?
7
What is the ten millions digit of 577717343?
7
What is the ten millions digit of 46600514?
4
What is the ten thousands digit of 85003242?
0
What is the tens digit of 13712139?
3
What is the millions digit of 1427959168?
7
What is the tens digit of 981129060?
6
What is the thousands digit of 269126779?
6
What is the units digit of 56181221?
1
What is the hundred thousands digit of 13972151?
9
What is the ten millions digit of 72899256?
7
What is the millions digit of 242078890?
2
What is the hundreds digit of 261832102?
1
What is the tens digit of 50669381?
8
What is the tens digit of 56511330?
3
What is the thousands digit of 304070183?
0
What is the thousands digit of 113019662?
9
What is the hundred millions digit of 624710632?
6
What is the units digit of 41126773?
3
What is the millions digit of 43849281?
3
What is the millions digit of 60927064?
0
What is the millions digit of 637950790?
7
What is the ten thousands digit of 92032104?
3
What is the hundreds digit of 708121501?
5
What is the units digit of 111026188?
8
What is the units digit of 117459047?
7
What is the tens digit of 3204454?
5
What is the tens digit of 1971700?
0
What is the hundreds digit of 1134105949?
9
What is the ten millions digit of 41912359?
4
What is the hundred thousands digit of 2358559626?
5
What is the hundreds digit of 57175709?
7
What is the hundreds digit of 52608110?
1
What is the billions digit of 2557597830?
2
What is the billions digit of 2237247201?
2
What is the hundred millions digit of 637378950?
6
What is the ten thousands digit of 1678495210?
9
What is the millions digit of 2520952166?
0
What is the thousands digit of 836876152?
6
What is the ten thousands digit of 32962392?
6
What is the ten millions digit of 847154371?
4
What is the tens digit of 2897820883?
8
What is the units digit of 925396313?
3
What is the hundred thousands digit of 566593863?
5
What is the hundred thousands digit of 171475170?
4
What is the tens digit of 905185737?
3
What is the hundred thousands digit of 251037777?
0
What is the thousands digit of 343194007?
4
What is the units digit of 1850464798?
8
What is the thousands digit of 1270586392?
6
What is the tens digit of 283209555?
5
What is the ten thousands digit of 414582212?
8
What is the millions digit of 426321066?
6
What is the millions digit of 752710733?
2
What is the ten millions digit of 1562801990?
6
What is the ten thousands digit of 1008238188?
3
What is the ten millions digit of 25330727?
2
What is the tens digit of 199160212?
1
What is the units digit of 301471333?
3
What is the thousands digit of 29427304?
7
What is the hundred millions digit of 662121460?
6
What is the ten millions digit of 273673239?
7
What is the thousands digit of 74197014?
7
What is the units digit of 338094519?
9
What is the hundred millions digit of 737787228?
7
What is the hundreds digit of 96958392?
3
What is the ten millions digit of 142974678?
4
What is the ten thousands digit of 1730274127?
7
What is the hundred thousands digit of 326545724?
5
What is the units digit of 553359536?
6
What is the hundred thousands digit of 538852010?
8
What is the millions digit of 1050747949?
0
What is the millions digit of 55667694?
5
What is the ten thousands digit of 47661494?
6
What is the hundred millions digit of 3384962778?
3
What is the tens digit of 82239283?
8
What is the units digit of 30550780?
0
What is the hundreds digit of 193665623?
6
What is the tens digit of 68646602?
0
What is the tens digit of 37255949?
4
What is the billions digit of 1210060459?
1
What is the hundreds digit of 18202930?
9
What is the hundreds digit of 190058512?
5
What is the tens digit of 3474172160?
6
What is the millions digit of 26812036?
6
What is the ten thousands digit of 733824561?
2
What is the hundred thousands digit of 68132341?
1
What is the hundred thousands digit of 130971264?
9
What is the tens digit of 1071647562?
6
What is the thousands digit of 185404724?
4
What is the millions digit of 1036349100?
6
What is the thousands digit of 921499953?
9
What is the tens digit of 151992043?
4
What is the ten thousands digit of 3093178082?
7
What is the millions digit of 147103540?
7
What is the hundred thousands digit of 54735721?
7
What is the tens digit of 78258195?
9
What is the tens digit of 398177755?
5
What is the units digit of 519057478?
8
What is the millions digit of 366946102?
6
What is the millions digit of 1551736054?
1
What is the units digit of 2244130151?
1
What is the millions digit of 15667000?
5
What is the ten thousands digit of 38458767?
5
What is the hundred millions digit of 260183477?
2
What is the hundred millions digit of 551852188?
5
What is the millions digit of 95986107?
5
What is the thousands digit of 32693642?
3
What is the ten thousands digit of 7987579?
8
What is the millions digit of 15529075?
5
What is the ten millions digit of 4488869492?
8
What is the tens digit of 302383084?
8
What is the ten millions digit of 398310453?
9
What is the ten thousands digit of 11556217?
5
What is the thousands digit of 17486982?
6
What is the ten thousands digit of 384284523?
8
What is the thousands digit of 45776067?
6
What is the millions digit of 291268076?
1
What is the ten millions digit of 30989823?
3
What is the hundreds digit of 107367856?
8
What is the ten millions digit of 122163718?
2
What is the millions digit of 23858083?
3
What is the hundreds digit of 296561490?
4
What is the hundred millions digit of 3511550963?
5
What is the hundreds digit of 30148492?
4
What is the ten millions digit of 2916514147?
1
What is the thousands digit of 41562909?
2
What is the ten thousands digit of 3117623696?
2
What is the millions digit of 371196569?
1
What is the hundred thousands digit of 420901448?
9
What is the units digit of 108006103?
3
What is the tens digit of 1860088742?
4
What is the tens digit of 688884100?
0
What is the ten thousands digit of 303034964?
3
What is the hundreds digit of 485411135?
1
What is the ten thousands digit of 298971196?
7
What is the hundred thousands digit of 24837350?
8
What is the units digit of 122671220?
0
What is the hundred thousands digit of 37783963?
7
What is the thousands digit of 3120052817?
2
What is the hundreds digit of 3455667506?
5
What is the hundred thousands digit of 1414457130?
4
What is the ten thousands digit of 81311996?
1
What is the units digit of 316289000?
0
What is the millions digit of 19967831?
9
What is the thousands digit of 371760994?
0
What is the millions digit of 84162927?
4
What is the ten thousands digit of 465204167?
0
What is the tens digit of 1464270456?
5
What is the hundred millions digit of 513222284?
5
What is the hundred millions digit of 187010059?
1
What is the ten thousands digit of 315357717?
5
What is the hundreds digit of 14693979?
9
What is the units digit of 18296914?
4
What is the hundreds digit of 1268878013?
0
What is the millions digit of 18747577?
8
What is the ten millions digit of 88572847?
8
What is the units digit of 931537436?
6
What is the tens digit of 1251613764?
6
What is the millions digit of 534804618?
4
What is the ten millions digit of 899025933?
9
What is the ten millions digit of 1310992046?
1
What is the hundreds digit of 2445475080?
0
What is the units digit of 2843695510?
0
What is the thousands 